t x(z) be the second derivative of -13*z**4/12 + z**3/6 - 2*z. Give x(q).
-14
Let a(x) = -x**2 - 18*x - 31. Let w be a(-16). Let y(h) = -h**3 - h**2 + h + 1. Let r(s) = 14*s**3 + s**2 - s + 2. Let u(c) = r(c) - y(c). Determine u(w).
16
Let d(t) = t**2 + 3*t - 3. Let c be d(-3). Let o(g) = 10*g + 24. Let v be o(c). Let n(k) = -k**3 - 5*k**2 + 7*k - 8. What is n(v)?
-14
Let k(l) be the third derivative of l**6/120 - 7*l**5/60 + l**4/12 - 5*l**3/3 - 186*l**2. Let d = -11 + 16. Let i = 12 - d. Calculate k(i).
4
Let c(q) be the third derivative of -q**5/60 - 7*q**4/24 + 4*q**3/3 - 3*q**2 - 6. Give c(-6).
14
Suppose 0 = 4*p + 3*p + 7. Let u(z) = -z - 3. Let y be u(-5). Let b(n) = 13*n**3 + 14*n**2 - 15*n**2 + y - 1. Give b(p).
-13
Let b(k) be the third derivative of k**6/120 - k**5/12 + k**4/4 - 5*k**3/6 + k**2. Let p be b(4). Let m(i) = -i**3 + 4*i**2 - i + 1. Give m(p).
7
Let j(s) = 3*s + 1. Let n(u) = 2*u + 15. Let m be n(-10). Let t be 5*(1 + 4/m). Give j(t).
4
Let h(u) be the first derivative of u**4/4 - 19*u**3/3 - 21*u**2 + u + 306. Give h(21).
1
Let s(b) be the second derivative of b**5/20 - b**4/2 + b**3/6 + 7*b**2/2 + b. Suppose -3*o = -0*i + i - 5, -4*i = 2*o - 20. What is s(i)?
-13
Suppose 3*g + 5*j - 44 = 0, -4*j = -3*g + 59 + 30. Let b = 15 - g. Let y be (-14)/(1/((-4)/b)). Let q(x) = -x**3 - 7*x**2 - x - 1. Determine q(y).
6
Let r(n) = n**2 + 5*n - 64. Let x be r(-11). Let i(d) = -d**3 + 5*d**2 - d - 4. What is i(x)?
6
Let c(v) = v**3 - v**2 + v - 2. Let k(n) = -9*n + 62. Let a be k(7). Let s(j) = -j**2 + 2*j + 3. Let i be s(a). Calculate c(i).
-2
Let g be (-19)/(19/4) - -10. Let n(i) = i**2 - 6*i + 7. Give n(g).
7
Let j(g) = -g**2 - 2*g + 3. Let v be (-1)/(-4)*(-36)/(-9). Suppose 0 = 4*y + 11 + v. Determine j(y).
0
Let z be (1 + -5)*(-28)/(-16). Let u(j) be the first derivative of 4*j + 1/4*j**4 + 40 + 7/3*j**3 + 0*j**2. Calculate u(z).
4
Let w(s) = 3*s - 11. Let u(d) = 6*d - 19. Let l(f) = 3*u(f) - 5*w(f). Give l(8).
22
Suppose 13*h + 629 - 83 = 0. Let x = h - -47. Let o(v) = -v**3 + 6*v**2 - 6*v + 3. Give o(x).
-2
Let v(l) be the second derivative of l**4/12 + 3*l**3 - 5*l**2/2 + 188*l. Give v(-18).
-5
Suppose 30*c = 21*c + 117. Let q(b) = b**3 - 14*b**2 + 18*b - 4. Determine q(c).
61
Let a(q) = -q + 3. Let n = 60 + -65. Let v(f) = f**3 + 4*f**2 - 7*f - 10. Let c be v(n). What is a(c)?
3
Let j(m) be the third derivative of -m**6/120 - m**4/12 - m**3/3 + 5*m**2 + 29*m. Determine j(-2).
10
Let f = 43 + -36. Let d(l) = -60*l**2 + 1 + 61*l**2 - f*l - 3. What is d(7)?
-2
Let f be 4 + 5 + -1 - 4. Let g(a) = a - f*a + 5*a. Give g(-3).
-6
Let s(r) = 5*r - 2. Let w be s(1). Let o(z) = z + 1 - 7*z - z**3 + 7*z**2 - 3*z**3 + 3*z**w. Suppose 3*n + 2*n - 30 = 0. Give o(n).
1
Suppose -2*k + 33 = -5*o, -66*o - 11 = -64*o - 3*k. Let n(c) = -c**3 - 6*c**2 + 7*c + 7. Calculate n(o).
7
Let v(g) = 19*g + 2. Suppose 3*m - 7 - 4 = -5*s, -s = 4*m - 9. What is v(m)?
40
Suppose -38*f = -31*f. Let u(x) = x**2 + x - 23. What is u(f)?
-23
Let d(x) = 12*x**3 - 2*x**2 - x. Let i be (16/(-40))/((-4)/(-10)). Give d(i).
-13
Suppose -277 = 23*v - 231. Let u(z) = -8*z**2 + 4*z + 5. What is u(v)?
-35
Suppose 0 = 19*z - 17*z + 14. Let c(d) be the third derivative of -d**6/120 - 2*d**5/15 - 7*d**4/24 - 2*d**2. Determine c(z).
0
Suppose -35 = 28*m - 35*m. Let h(j) = -j + 14. Give h(m).
9
Let n(g) be the first derivative of g**2/2 - 22*g - 2. Let u be n(9). Let w = u - -10. Let d(o) = o**3 + 5*o**2 + 2*o. Give d(w).
12
Let v(x) = -2*x**3 + 3*x**2 - x - 4. Let k = -545 + 548. Give v(k).
-34
Suppose -12*d = -16*d + 20. Suppose 4*c = -d*w - 19, 0*w - 3*w - 10 = c. Let z(i) = -i - 2. Calculate z(w).
1
Let g(j) = 24*j - 1. Let n be g(1). Let y = 53 - n. Let o be (3/(-2))/(9/y). Let r(m) = -3*m - 5. Calculate r(o).
10
Let f(u) = -u**3 + 7*u**2 + 9*u - 5. Let k be f(8). Let b(o) = -55*o + 55*o - 4 + k + o**2. Suppose -2*r = -2*q + 4*q + 6, -19 = -3*q + 4*r. What is b(q)?
0
Let z(w) = 4*w + 1. Suppose 6*i + i + 42 = 0. Let g be (-12)/18 + (-10)/i. Calculate z(g).
5
Let l(u) = -u**2 + u - 13. Let q(r) = -2*r - 32. Let y be q(-16). Give l(y).
-13
Let n(t) = 22*t - 597. Let x be n(27). Let j(b) = -b**3 - 2*b**2 - 3*b + 3. Give j(x).
21
Let n(u) = u + 9. Let f be n(-7). Let a(d) = -d**2 - 5*d + f - 4 + 4 - 5. Suppose 10 = s + 5*o - 11, 2*o = 5*s + 30. What is a(s)?
1
Suppose -35 = h - 8*h. Let j(k) be the first derivative of 3/2*k**2 + h + 2/3*k**3 + 0*k. Give j(-2).
2
Let z(n) = n**2 - 9*n + 4. Let t(q) = -2*q**2 + 25*q - 26. Let w be t(11). Determine z(w).
-10
Let b(s) be the second derivative of s**4/12 + 5*s**3/6 - 3*s**2 + 3*s - 7. Determine b(-6).
0
Suppose d + 2*d + 14 = 4*a, d + 4*a - 6 = 0. Let s(c) = c**3 + 10*c + c**2 - 2 + 3 - 3 - 9*c. What is s(d)?
-8
Let v = 64 - 61. Let p(i) = 3*i**3 - 13*i**2 + 7*i - 4. Let q(w) = -2*w**3 + 7*w**2 - 3*w + 2. Let g(x) = v*p(x) + 5*q(x). Determine g(-5).
-7
Let q(r) = 1. Let m(t) = -t - 2. Let x(l) = -2*m(l) - 5*q(l). Let o(d) = d**2 + 14*d + 36. Let c be o(-11). Let k be (c/((-9)/6))/1 + 4. Determine x(k).
3
Let h(u) = -u**2 - u + 1. Let r(a) = -6*a**2 + 3*a - 2. Suppose 11*y + 36 = 7*y. Let q = -8 - y. Let i(l) = q*r(l) + 3*h(l). Give i(-1).
-8
Let k(m) = -1 - m - 2 + 2*m**2 + 5 + 4*m. Let b = -396 + 394. What is k(b)?
4
Let g be (-8)/(-36) + 1490/18. Suppose -g = 3*l + 7. Let n = 32 + l. Let a(p) = -3*p - 1. What is a(n)?
-7
Let t(s) = -9 + 2 + 5 + 7*s + 1 - s**2. Give t(5).
9
Let d(v) = 4*v**2 - 3*v**2 - 3 + 2. Let a(q) = -q - 10. Let y be a(-11). Let g = -1 - y. Give d(g).
3
Let b(x) = -2*x + 3. Suppose 0 = -4*v + 3*h, -4*v = -0*v - h - 8. Determine b(v).
-3
Let l(m) = 25 - 73 + 28 + m**2 + 22 - 4*m. Let i = -2 - -6. Determine l(i).
2
Suppose 1 - 2 = -n. Let j(m) = -5*m**3 - 5. Let b(z) = z**3 - 1. Let l(s) = n*j(s) - 6*b(s). Suppose -2*h = -7*h - 3*v - 10, -2*v = h + 9. Give l(h).
-10
Let p(m) = -m**3 - m**2 + 5*m + 4. Let t be -1 - (4/22 - (-6)/(-33)). Let k(w) = -w**2 + 1. Let y(j) = t*p(j) + 4*k(j). Suppose -1 = -4*a + 15. Give y(a).
-4
Let h(x) = -9*x + 6. Let f(a) = -1 + 4 - 2 - 2*a. Let j(z) = -11*f(z) + 2*h(z). Let c(n) = -n - 7. Let m be c(-6). What is j(m)?
-3
Let x(l) = -l**3 + l. Let v = 38 - 37. Let q be v + (-18)/8 - 2/(-8). Calculate x(q).
0
Let l(n) = n**3 - n**2 + 2*n - 6. Let v(q) = 18*q**2 - 143*q - 8. Let w be v(8). Determine l(w).
-6
Let w(n) = -n + 19. Suppose -2 = -2*h - 4*q, 5*q + 6 = -19. What is w(h)?
8
Let c(b) = -b**3 - 8*b**2 - 5*b + 7. Let x be c(-7). Let s(a) be the third derivative of a**4/24 + 5*a**3/6 + 10*a**2 + 13*a. Give s(x).
-2
Let i(t) = t + 0*t - 5*t + 5 + 7*t. Calculate i(-5).
-10
Suppose -3*j + 22 = 7. Let v(n) = 2*n**2 + 2*n**2 + j + 7*n - 3*n - n**3. Suppose x + 6 = 8, f = 4*x - 3. Give v(f).
0
Let h = -239 + 244. Let o(z) = 2*z - 16. What is o(h)?
-6
Let d(l) = l. Let a(k) = 19*k + 3. Let w(s) = s + 1. Let j(h) = a(h) - 2*w(h). Let z(m) = -6*d(m) + j(m). What is z(1)?
12
Suppose 3*g = g + 8. Suppose -g*z - 15 = -7*z. Let t(q) = 6*q - 6*q**2 - 6 + 19 - 7 - 9 + q**3. Calculate t(z).
2
Let x(l) = -122*l - 32. Let d(i) = 23*i + 6. Let g(z) = -11*d(z) - 2*x(z). What is g(-1)?
7
Suppose 15 = -360*z + 355*z. Let n(q) = 3*q**2 + q - 2. Determine n(z).
22
Let l(j) = j**2 + 15 + 0*j**2 - 3*j - 13*j. Let m be l(15). Let n(q) be the third derivative of -q**6/120 - q**3/6 - q**2. Give n(m).
-1
Let s(y) = 8*y + 2*y**2 - 6 + 5*y**2 + y**2 - 8*y**2 + y**2. Determine s(-8).
-6
Let d(m) = -4*m**2 + 8*m - 5. Let f(x) = x**2 - x + 1. Let l(n) = -2*n**2 + 2*n - 2. Let t(a) = -5*f(a) - 2*l(a). Let b(s) = 2*d(s) - 10*t(s). Calculate b(-4).
8
Let p = -3 + 5. Let r(w) = -100*w + p + 99*w - 3. Let v = 0 + 0. Give r(v).
-1
Let s(b) = -b**2 + 5*b - 8. Let r(w) = -4*w + 25. Let c be r(5). Determine s(c).
-8
Let f be (-228)/190*((-30)/4)/(-3). Let l(w) = -2*w**3 + 3*w**2 - 6*w + 5*w - 4 + 3*w**3. Calculate l(f).
-1
Suppose 8 = -2*u, -2*q - 10 = 5*u - 0. Suppose 620 - 130 = q*t. Let i(j) = 10*j - j**2 - t + 89 - 3*j. What is i(6)?
-3
Let x be (3/(-12) - 3/(-12)) + -1. Let i(a) = 12*a. Let c(k) = 1. Let z(s) = x*c(s) + i(s). Calculate z(-1).
-13
Let c(v) = 8*v + 11. Suppose 65 = 13*i - 8*i. Let z(y) = 4*y + 5. Let l(n) = i*z(n) - 6*c(n). What is l(4)?
15
Let a(s) = -s. Let o(c) = 6*c + 1. Let j(h) = -4*a(h) - o(